 Let t = 4 - 3. Let p be v(t). Suppose 0 = -4*q - p*o - 1 + 5, 4*o + 3 = 3*q. What is the units digit of q?
1
Let r = 183 - 96. What is the units digit of r?
7
Let d be 8/(23/(-8) - -3). Suppose 2*a = -2*a + d. What is the units digit of a?
6
Let c(n) = n**3 + 2*n**2 - 2*n + 1. Let g be c(1). Suppose -g*i = 3*i - 15. Suppose 0*b - i*b = -24. What is the units digit of b?
8
Let z(r) = 6*r + 6. Let l be z(8). Let b = l + -35. What is the tens digit of b?
1
Suppose 2*z = -0*z - 6. Let p be 9 + 2/2 + z. Suppose -k - 18 = -3*n, -4*n - 2*k + p*k + 13 = 0. What is the units digit of n?
7
Let b = -12 + 20. Suppose -b = 2*r - 6*r. What is the units digit of 3*-1 + (r - -7)?
6
Let m be (-2)/(-10) + (-938)/(-35). Suppose -2*z = -5*i + 82, 25 + m = 3*i - 4*z. What is the units digit of i?
6
Let o(y) = -55*y - 5. What is the units digit of o(-6)?
5
Let o(f) = -f**2 - 5*f - 2. Let k be o(-5). What is the units digit of 3 + k + (24 - -6)?
1
Let g = -1 - 0. Let u = 3 + g. What is the units digit of u?
2
Let o(k) = 39*k**3 - k**2. What is the units digit of o(1)?
8
Let g be ((-56)/98)/(2/(-91)). Let w = g + -9. What is the tens digit of w?
1
Suppose -n = -7 + 3. Suppose h - n*z = z + 61, 209 = 5*h - z. What is the units digit of h?
1
Let g = -30 + 133. What is the units digit of g?
3
Suppose -r = -2*z - 24, -38 = -2*r - 0*z + 2*z. Let o be 4/r + 2/(-7). Suppose -p + o*p + 12 = 0. What is the tens digit of p?
1
Let k(u) = u**3 + 6*u**2 - 7*u + 10. Let f be k(-7). Suppose -5*z + 3*p + f = 0, -5*z - p + 5 = -5. What is the units digit of z?
2
Let j = 135 + -36. Suppose 3*h - j = -0*h. What is the units digit of h?
3
Let z be 1 + -1*(2 - -1). What is the units digit of z/11 + 105/33?
3
Suppose 5*c + 4*r = 1263, 2*r - 3 = 3*r. What is the tens digit of c?
5
What is the units digit of (-2)/(-3)*(-513)/(-18)?
9
Let a(c) = -2*c - 4. Suppose 0*s = 5*s. Suppose -4*n + s - 16 = 0. What is the units digit of a(n)?
4
Let k(v) = -17 - 4*v + 17. Let g = 14 - 18. What is the tens digit of k(g)?
1
Let c(f) = 1 + f - 6 + 6*f**2 + f**3 + 4. Let y be c(-5). Suppose -16 = -5*g + y. What is the units digit of g?
7
Suppose -q + 180 = 4*n, 2*q - 810 = -2*q + 2*n. What is the tens digit of q?
0
What is the units digit of (-4)/10 - (-154)/35?
4
Let h be 2 - (-2 + 2) - 0. Suppose 0 = o - h*p - 25, 62 = 5*o + p - 63. What is the units digit of o?
5
Suppose 0 = -2*a - 4*h + 96, 5*h + 2 + 8 = 0. What is the units digit of a?
2
Suppose 2*y - 6 = -16, 5*r + 95 = -2*y. Let w = 27 + r. What is the units digit of w?
0
Let i(s) = 4*s**2 + 6*s - 6. What is the tens digit of i(5)?
2
Let c(t) = -t**2 - 10*t - 12. Let h(n) = n**2 + 10*n - 6. Let i be h(-10). What is the units digit of c(i)?
2
What is the tens digit of -3 + 34 + -3 - -3?
3
What is the units digit of -2 - (-96 - (3 + -2))?
5
What is the tens digit of (-12)/(-15) + 712/10?
7
Suppose 20*g - 25*g + 300 = 0. What is the units digit of g?
0
Let c = 64 + -14. What is the units digit of c?
0
Let v be (-13)/(-78) - (-59)/6. Let z = 22 - v. What is the units digit of z?
2
Let s(j) = -j**3 + 6*j**2 - j + 7. Let i = 15 + -6. Let q be 1*-2 + -1 + i. What is the units digit of s(q)?
1
Let z(r) = -r**2 + 7*r**2 + 6 - 7 - r**3 + r. What is the tens digit of z(3)?
2
Let q be 96/18 + (-2)/(-3). Let l = q + -2. Suppose l = 5*c - 11. What is the units digit of c?
3
Suppose -4*s + 4*b = 8, -b - 2 + 4 = -4*s. Suppose s*u + 12 = 4*u. What is the units digit of u?
3
Let d = 32 + -20. Let a(r) = -10*r - 5 + d*r**2 - r**3 - 8*r**2 + 8*r**2. What is the units digit of a(11)?
6
Suppose 4*m = 16 + 12. Let y(u) = -u**2 + 6*u + 9. What is the units digit of y(m)?
2
Let o(w) = w**2 - 10*w - 1. What is the units digit of o(11)?
0
Suppose 3*c = 2*c + 8. Let q = c - 5. What is the units digit of q?
3
Let s(w) = w**3 + 7*w**2 + 5*w + 2. Let c be s(-6). Let b = c + -4. Suppose 30 = 3*l + 3*m, -2*m + b*m = 6. What is the units digit of l?
7
Let h = -27 - -64. What is the tens digit of h?
3
Suppose 5*o - 661 = -246. Suppose -3*w = -o + 26. What is the tens digit of w?
1
Suppose -3 = 4*z - 43. Let a = 0 + -1. Let d = z + a. What is the units digit of d?
9
Let k = 1 - 1. Let w = 3 + k. What is the units digit of w?
3
Suppose 17 = 3*s - 52. What is the tens digit of s?
2
Let p = -24 + 28. Suppose -5*s + 2*a - a = -12, -5*s - 5*a = -30. Suppose 3*u + 2*u - 73 = -4*o, 0 = p*o - s*u - 65. What is the units digit of o?
7
What is the tens digit of 5/10*(60 - -2)?
3
Let u(x) = -x**2 + x + 13. Let t be u(0). Suppose -t = -5*b - 2*i + 7, b - 4 = -i. Suppose b*r = -3*w + 34, 4*r + 2*w = -3*w + 38. What is the units digit of r?
7
Suppose -3*b + 7 - 1 = 0. Suppose -2*j - 23 = 5*t, b*t - 2 + 0 = 2*j. Let q = 9 + j. What is the units digit of q?
5
Suppose -4 = 2*y + 2. Let k(d) = -6*d. What is the units digit of k(y)?
8
What is the hundreds digit of 183/(4 + (-25)/10)?
1
Let c(n) = n**2 + 2*n + 1. What is the tens digit of c(10)?
2
Let c be 12/20 + (-47)/(-5). Suppose -42 = -4*z + c. What is the tens digit of z?
1
Let l = -431 + 296. What is the tens digit of 10/15*l/(-6)?
1
Suppose -w = 4*w - 20. Suppose -2 = 4*n + 4*q - 14, 0 = 5*n - w*q + 30. Let d = 7 + n. What is the units digit of d?
5
Let c = 235 - 166. What is the tens digit of c?
6
Let k(n) = n. Let p be k(3). Suppose o = -p, 2*y + 3*y = -5*o - 40. Let c(l) = l**2 + 4*l - 2. What is the units digit of c(y)?
3
Let k be (155 - 1) + 15/15. Suppose 4*h - k = -h. What is the tens digit of h?
3
Let s be (-2)/(-4)*(1 + 19). Suppose f - 5*i = -7, -s = -3*f - i + 1. Let h = 6 + f. What is the units digit of h?
9
Let g be 2/(-5) + 34/10. Let i = g + -5. What is the units digit of (-1)/1 - 18/i?
8
Let a(u) = -2*u - 3. Suppose 0*i - 16 = 4*i. Let t be a(i). Suppose -28 + t = -3*b + f, -4*f + 27 = 5*b. What is the units digit of b?
7
Let c(x) = 3*x**2 + 1. Let q be c(1). What is the units digit of (3 - (-2)/q)*2?
7
Let u = 5 - 0. Let o = 2 + u. What is the units digit of o?
7
Let t = -43 + 96. Let i = -27 + t. What is the units digit of i?
6
Let m(z) = -z**2 - 9*z - 7. Suppose 2*h + 4*d + 32 = 0, 3*h + 3*d - 4*d = -20. What is the units digit of m(h)?
1
Let b(s) = 8*s + 57. What is the tens digit of b(8)?
2
Suppose -3*d = -11 + 26. Let r = 8 + d. What is the units digit of r?
3
Suppose -139 = -5*l - 0*n - 3*n, 2*l - 4*n = 40. What is the tens digit of l?
2
Let u(b) be the first derivative of b**4/4 - b**3/3 + b**2/2 + 3*b + 5. What is the units digit of u(0)?
3
Suppose 2*r = 79 + 53. What is the units digit of r?
6
Suppose 3*y + 2*m + 4 = 3, -5*y = -m - 20. Suppose -3*k + y = -2*k + 4*s, 5*s = -5. What is the units digit of k?
7
Suppose 3*l + 11 - 23 = 0. Let m(a) = a - 1. Let q be m(3). Suppose -l*i = -q*i - 26. What is the units digit of i?
3
Suppose 3*y = -16 + 49. Let u = -8 + y. Suppose 5*p = -h + 1, h = -2*h - u*p + 27. What is the units digit of h?
1
Let q(m) = m**3 - 13*m**2 + m - 8. Suppose 2*a = 4*k - k + 2, 2*k - 4*a - 4 = 0. Let p be 7/14 + (-25)/k. What is the units digit of q(p)?
5
Suppose -n = -5*n - f + 4, -3*f = 0. What is the units digit of (3 + -6*n)*-3?
9
Let r(u) be the second derivative of -u**7/140 + u**6/360 - u**4/24 + u**3/2 + 2*u. Let t(a) be the second derivative of r(a). What is the units digit of t(-1)?
6
Let h be ((-14)/6)/((-6)/18). Let s(v) = v**3 - 8*v**2 + 7*v + 7. What is the units digit of s(h)?
7
Suppose -12 = -4*r - l + 4*l, 16 = -3*r - 4*l. Suppose 6*j - 2*j - d - 82 = r, 4*j - 90 = 5*d. What is the units digit of j?
0
Suppose 51 = -3*y + 3. What is the tens digit of (y/6 + -1)*-3?
1
Let g(d) be the second derivative of -d**4/12 - 5*d**3/6 + 4*d**2 + 2*d. Let b be g(-6). Suppose -15 + 3 = -b*j. What is the units digit of j?
6
Let q be (-12)/2*(-6)/18. Suppose -3*r + 5*d + 10 = -103, 37 = r - q*d. What is the units digit of r?
1
Suppose 5*x - 1319 = -2*t - 463, -4*x = -t - 677. What is the units digit of x?
0
Let v(r) = -r**3 + 8*r**2 - r + 8. Let w be v(8). What is the units digit of -1 + (w - 2 - -13)?
0
Let m be (-10)/14 - -1 - (-12)/7. Let y be (-1)/((2/5)/(-2)). Let b = y + m. What is the units digit of b?
7
Let s = -80 + 411. What is the hundreds digit of s?
3
Suppose -5*n + 56 = 31. What is the units digit of n?
5
Let d = 6 + -1. Suppose -y - 3*h = -0*h - d, -4*y - h = -20. What is the units